
Calculate the remainder when 300 is divided by 76.
72
What is the remainder when 3091 is divided by 13?
10
What is the remainder when 2674 is divided by 61?
51
Calculate the remainder when 523 is divided by 21.
19
Calculate the remainder when 335 is divided by 40.
15
What is the remainder when 12705 is divided by 179?
175
Calculate the remainder when 1701 is divided by 8.
5
Calculate the remainder when 13938 is divided by 68.
66
What is the remainder when 255 is divided by 32?
31
What is the remainder when 995 is divided by 330?
5
Calculate the remainder when 60 is divided by 7.
4
What is the remainder when 663 is divided by 102?
51
What is the remainder when 9606 is divided by 74?
60
What is the remainder when 198 is divided by 50?
48
What is the remainder when 488 is divided by 118?
16
Calculate the remainder when 657 is divided by 66.
63
Calculate the remainder when 2477 is divided by 276.
269
Calculate the remainder when 3128 is divided by 101.
98
Calculate the remainder when 2428 is divided by 81.
79
Calculate the remainder when 202 is divided by 34.
32
What is the remainder when 10161 is divided by 21?
18
What is the remainder when 3166 is divided by 151?
146
Calculate the remainder when 92 is divided by 47.
45
Calculate the remainder when 123 is divided by 25.
23
Calculate the remainder when 157 is divided by 41.
34
Calculate the remainder when 229 is divided by 20.
9
What is the remainder when 3953 is divided by 26?
1
What is the remainder when 1821 is divided by 63?
57
What is the remainder when 2683 is divided by 22?
21
Calculate the remainder when 2417 is divided by 97.
89
What is the remainder when 43 is divided by 26?
17
Calculate the remainder when 151 is divided by 76.
75
What is the remainder when 299 is divided by 68?
27
What is the remainder when 3065 is divided by 19?
6
What is the remainder when 165 is divided by 140?
25
Calculate the remainder when 111 is divided by 45.
21
Calculate the remainder when 391 is divided by 56.
55
What is the remainder when 53 is divided by 5?
3
Calculate the remainder when 1339 is divided by 13.
0
Calculate the remainder when 444 is divided by 75.
69
What is the remainder when 291 is divided by 37?
32
Calculate the remainder when 168 is divided by 70.
28
Calculate the remainder when 221 is divided by 53.
9
What is the remainder when 299 is divided by 76?
71
What is the remainder when 54 is divided by 37?
17
What is the remainder when 87 is divided by 22?
21
What is the remainder when 667 is divided by 10?
7
What is the remainder when 211 is divided by 206?
5
Calculate the remainder when 466 is divided by 6.
4
What is the remainder when 262 is divided by 12?
10
What is the remainder when 256 is divided by 61?
12
What is the remainder when 504 is divided by 33?
9
What is the remainder when 221 is divided by 64?
29
Calculate the remainder when 149 is divided by 10.
9
What is the remainder when 46 is divided by 17?
12
Calculate the remainder when 237 is divided by 35.
27
Calculate the remainder when 128 is divided by 55.
18
Calculate the remainder when 309 is divided by 78.
75
Calculate the remainder when 521 is divided by 133.
122
What is the remainder when 3021 is divided by 108?
105
Calculate the remainder when 327 is divided by 28.
19
Calculate the remainder when 125 is divided by 11.
4
What is the remainder when 798 is divided by 156?
18
Calculate the remainder when 1039 is divided by 116.
111
What is the remainder when 2273 is divided by 134?
129
What is the remainder when 1650 is divided by 207?
201
Calculate the remainder when 509 is divided by 40.
29
What is the remainder when 175 is divided by 22?
21
Calculate the remainder when 118 is divided by 11.
8
Calculate the remainder when 1713 is divided by 22.
19
What is the remainder when 359 is divided by 95?
74
What is the remainder when 337 is divided by 19?
14
Calculate the remainder when 205 is divided by 23.
21
What is the remainder when 149 is divided by 18?
5
What is the remainder when 422 is divided by 61?
56
What is the remainder when 92 is divided by 12?
8
Calculate the remainder when 404 is divided by 135.
134
What is the remainder when 542 is divided by 66?
14
What is the remainder when 898 is divided by 31?
30
What is the remainder when 626 is divided by 45?
41
What is the remainder when 892 is divided by 100?
92
Calculate the remainder when 313 is divided by 16.
9
What is the remainder when 566 is divided by 148?
122
What is the remainder when 700 is divided by 230?
10
Calculate the remainder when 1180 is divided by 92.
76
Calculate the remainder when 4032 is divided by 1337.
21
What is the remainder when 51 is divided by 9?
6
Calculate the remainder when 700 is divided by 44.
40
What is the remainder when 5758 is divided by 128?
126
What is the remainder when 158 is divided by 3?
2
What is the remainder when 66 is divided by 9?
3
Calculate the remainder when 374 is divided by 59.
20
What is the remainder when 637 is divided by 52?
13
Calculate the remainder when 161 is divided by 82.
79
What is the remainder when 317 is divided by 161?
156
Calculate the remainder when 933 is divided by 11.
9
What is the remainder when 175 is divided by 60?
55
Calculate the remainder when 289 is divided by 91.
16
What is the remainder when 131 is divided by 15?
11
What is the remainder when 135 is divided by 20?
15
What is the remainder when 365 is divided by 114?
23
Calculate the remainder when 14579 is divided by 10.
9
What is the remainder when 235 is divided by 15?
10
What is the remainder when 388 is divided by 14?
10
What is the remainder when 752 is divided by 29?
27
Calculate the remainder when 245 is divided by 18.
11
Calculate the remainder when 5878 is divided by 98.
96
Calculate the remainder when 180 is divided by 45.
0
Calculate the remainder when 461 is divided by 161.
139
Calculate the remainder when 213 is divided by 33.
15
What is the remainder when 493 is divided by 3?
1
Calculate the remainder when 233 is divided by 118.
115
Calculate the remainder when 7339 is divided by 24.
19
Calculate the remainder when 650 is divided by 289.
72
What is the remainder when 896 is divided by 17?
12
What is the remainder when 2371 is divided by 9?
4
What is the remainder when 164 is divided by 2?
0
What is the remainder when 294 is divided by 83?
45
What is the remainder when 1976 is divided by 86?
84
Calculate the remainder when 13 is divided by 11.
2
Calculate the remainder when 1944 is divided by 14.
12
Calculate the remainder when 310 is divided by 79.
73
Calculate the remainder when 1355 is divided by 137.
122
Calculate the remainder when 257 is divided by 95.
67
Calculate the remainder when 40596 is divided by 28.
24
What is the remainder when 583 is divided by 145?
3
What is the remainder when 877 is divided by 3?
1
What is the remainder when 1157 is divided by 8?
5
Calculate the remainder when 531 is divided by 30.
21
Calculate the remainder when 2838 is divided by 37.
26
Calculate the remainder when 2515 is divided by 30.
25
What is the remainder when 3123 is divided by 208?
3
Calculate the remainder when 133 is divided by 41.
10
What is the remainder when 145 is divided by 23?
7
Calculate the remainder when 1576 is divided by 227.
214
What is the remainder when 94 is divided by 12?
10
What is the remainder when 429 is divided by 18?
15
Calculate the remainder when 451 is divided by 51.
43
What is the remainder when 1125 is divided by 54?
45
Calculate the remainder when 6832 is divided by 72.
64
What is the remainder when 123 is divided by 42?
39
What is the remainder when 501 is divided by 72?
69
Calculate the remainder when 524 is divided by 33.
29
What is the remainder when 262 is divided by 148?
114
What is the remainder when 155 is divided by 66?
23
What is the remainder when 2627 is divided by 7?
2
What is the remainder when 7468 is divided by 1866?
4
Calculate the remainder when 3449 is divided by 12.
5
Calculate the remainder when 433 is divided by 5.
3
Calculate the remainder when 69 is divided by 36.
33
Calculate the remainder when 109 is divided by 14.
11
What is the remainder when 224 is divided by 47?
36
What is the remainder when 2235 is divided by 17?
8
What is the remainder when 13 is divided by 3?
1
What is th